e 0 = -m + 2*i - 12, -3*m - 60 = 2*m + 5*i. List the prime factors of ((-52)/6)/(m/18).
13
Let u(o) = -19*o**3 + 3*o**2 - 1. Let c be u(-2). Let p = -29 + c. Suppose -2*a + p = 4*r + a, 5*a - 10 = 0. List the prime factors of r.
2
Suppose -24*x - 1580 = -28*x. What are the prime factors of x?
5, 79
Let x(h) be the third derivative of h**5/40 - 5*h**4/12 + 5*h**3/6 - 3*h**2. Let w(v) be the first derivative of x(v). What are the prime factors of w(7)?
11
Let d = 2090 - 942. List the prime factors of d.
2, 7, 41
Suppose 7*w - 58 = 61. Suppose 0 = -2*d + w*d - 465. List the prime factors of d.
31
Suppose 3*a - 6*a = 60. Let p be ((-20)/8)/(2/a). Suppose p + 13 = 2*l. List the prime factors of l.
19
Let c = -28 + 38. Let n(v) = 13*v + 43. What are the prime factors of n(c)?
173
Let u be 14/(-4)*((-120)/28 + 4). List the prime factors of (-30*7/28)/(u/(-14)).
3, 5, 7
Suppose 131 = t - 3*h + 6*h, -t + 138 = -4*h. Let q = t + -57. What are the prime factors of q?
7, 11
Suppose -1 = p, 0 = 2*d - 0*d + 3*p - 153. List the prime factors of d.
2, 3, 13
Suppose -5*q - 4*q = 1791. Let t = -135 - q. What are the prime factors of t?
2
Suppose 1335 = -7*c + 2*c. Let j = -128 - c. List the prime factors of j.
139
Let u = -679 - -1008. Suppose -u + 905 = 4*t. What are the prime factors of t?
2, 3
List the prime factors of ((-176)/3 + 2)*(-132)/8.
5, 11, 17
Let q(c) = -5*c - 29. Let x(y) = 11*y + 58. Let u(l) = -9*q(l) - 4*x(l). What are the prime factors of u(19)?
2, 3
Let m be 7/4 - (-3)/12. Let j(l) = 11*l**m + l**3 - 6 + 2 - 4 + 3*l**2 + 12*l. What are the prime factors of j(-13)?
5
Suppose -2*d = -3*c - 2*c + 17, 5*d = -4*c + 7. Suppose -4*g - c*i + 46 = -0*i, 0 = 2*i - 4. Let l(a) = a**2 - 4*a + 14. List the prime factors of l(g).
2, 37
Suppose a + 41 = 4*a + 4*r, 0 = -5*a - r + 91. Let k = a + -19. Suppose 0 = 3*w - k*w - 81. List the prime factors of w.
3
Let x = -288 - -654. List the prime factors of x.
2, 3, 61
Let b(x) = -x**3 + 11*x**2 - x + 15. Let y be b(11). Suppose -4*h + 224 = y*i, i = 2*h + 22 + 46. List the prime factors of i.
2, 3, 5
Let n = -76 + 1723. What are the prime factors of n?
3, 61
Suppose 2*d + 5*w = w + 22, d + 1 = 2*w. Suppose -d*h + 1562 = -c, -3*c + 2*c + 1255 = 4*h. List the prime factors of h.
313
Let c(r) = 11*r**2 - 9*r + 90. List the prime factors of c(15).
2, 3, 5
Suppose -f + 0*f = -4. Suppose -f*g + 46 = 2*n, 5*g - 140 = -4*n - n. Let v = 3 + n. What are the prime factors of v?
2, 3
Let u = 16 + -29. Let i = 15 + u. Suppose 0 = -3*l - 6, o + i*l = -2*l + 30. List the prime factors of o.
2, 19
Let w(z) = -z**2 + 48*z + 3836. What are the prime factors of w(0)?
2, 7, 137
Suppose 0 = -3*k + 2*x - 7 - 4, -x + 2 = 2*k. Let d be (-2)/(k - -5)*-6. Suppose -d*p + 3*u + 70 = -u, 2*u - 42 = -2*p. List the prime factors of p.
2, 11
Suppose -442 = -4*n + 2*p, 176 - 736 = -5*n - 5*p. What are the prime factors of n?
3, 37
Suppose 3*u = 14 + 7. Suppose -u*b - 610 = -12*b. List the prime factors of b.
2, 61
Suppose 2*l - 1327 = -5*b, -2*l = -12*b + 11*b - 1333. List the prime factors of l.
2, 3, 37
Suppose 2*m = 3*z + 83, 3*m - 2*m - 24 = 5*z. What are the prime factors of (-70)/(-4)*84/m?
2, 3, 5
Suppose -3*t - 8 = -4*b + 3, t + 3*b - 18 = 0. Suppose t*r - 18 = 138. List the prime factors of r.
2, 13
Let n = 223 - 112. List the prime factors of n.
3, 37
Suppose 48 = -0*c + 4*c. Let m = 111 - c. What are the prime factors of m?
3, 11
Suppose -3*p + 5*p - 196 = 2*c, 374 = -4*c - 5*p. Let y = c - -241. What are the prime factors of y?
5, 29
Let b(f) = f**3 - 31*f**2 - 38*f - 95. What are the prime factors of b(33)?
829
Suppose a - 65 = 57. Let p = a - 63. List the prime factors of p.
59
Suppose 0 = 2*m + 3*b - 4423, -2*m + 5*b = -0*b - 4415. List the prime factors of m.
2, 5, 13, 17
Let y = -224 + 1432. What are the prime factors of y?
2, 151
Suppose -2*l + 8*l + 18 = 0. Let d(a) = -63*a - 1. List the prime factors of d(l).
2, 47
Suppose -81*d = -80*d - 1006. List the prime factors of d.
2, 503
Let y(v) = 5*v - 6*v**2 - 25*v + 1 - 10*v**3 + 11*v + 13*v. What are the prime factors of y(-3)?
5, 41
Let b(c) be the first derivative of -c - 1/3*c**3 - 7 + 2*c**2 - 1/4*c**4. What are the prime factors of b(-3)?
5
Suppose -6*b + 7 = b. List the prime factors of (3/3)/b*1 - -59.
2, 3, 5
Let b(p) = 3*p**2 + 9*p - 30. Let w be b(14). Suppose -6*f = -228 - w. List the prime factors of f.
2, 19
Let p = 803 + 277. List the prime factors of p.
2, 3, 5
Let c(o) = 16*o - 29. Let x be c(7). Suppose -x = 3*q - 494. What are the prime factors of q?
137
Let t(u) = -u**2 + 17*u + 12. Let l be t(18). Let s(m) = m**3 + 7*m**2 + m + 2. What are the prime factors of s(l)?
2
Let b(k) be the second derivative of -5*k**3/2 + k**2 + 8*k. Suppose 0 = -0*m - m - 1. List the prime factors of b(m).
17
Let a(b) = 8*b**2 - 10*b + 13. What are the prime factors of a(-14)?
1721
Suppose -34*q - 2000 + 22162 = 0. List the prime factors of q.
593
Suppose -5*q + d + 1151 = -3*q, 5*q = 5*d + 2880. List the prime factors of q.
5, 23
Suppose w - 1 = -k, -5*k - 7 = 28*w - 27*w. Let y be -2 - -8 - 0 - -2. Suppose y*g - 255 = w*g. List the prime factors of g.
3, 17
Suppose 0 = 105*a + 31*a - 168640. What are the prime factors of a?
2, 5, 31
Suppose 5*g - 13*g = -1096. List the prime factors of g.
137
Let d = 361 + -99. What are the prime factors of d?
2, 131
Suppose 0 = 5*k - 2*v - 20, 3*k + 2*v = -k + 16. Suppose 2*n = k*n. Let j = 2 + n. What are the prime factors of j?
2
Suppose 0 = -2*r - 4 + 78. Let c be 364/(-14) + (0 - -2). Let b = c + r. What are the prime factors of b?
13
Let n(a) = a - 2. Let f = -8 - -12. Let p be n(f). Suppose 0*v - p*v + 76 = 0. What are the prime factors of v?
2, 19
Suppose 216 = 2*f + 200. Let v(b) = -5*b - b - 3*b**2 - 8 + 4*b**2. List the prime factors of v(f).
2
Let c = -66 - -188. Let l = c - -41. What are the prime factors of l?
163
Suppose -40 = -3*x - 25. Suppose l = -4*l + x. Let y(q) = 62*q**3 + 2*q**2 - 3*q + 2. What are the prime factors of y(l)?
3, 7
Let s(w) = -2*w**2 - 27*w - 24. Let j be s(-12). List the prime factors of (0 - -173)/(2*6/j).
173
Let a(j) = -819*j - 182. What are the prime factors of a(-2)?
2, 7, 13
Suppose f - 6*f = 2*n - 11, -4*n + 2*f + 10 = 0. Suppose -j + 4*j + n*h = 0, -2*j = -3*h. Suppose j*o - o + 4 = 0. List the prime factors of o.
2
Let t(x) = 7*x**3 - 3*x**2 + 9*x - 5. List the prime factors of t(3).
2, 23
Let o(h) = -149*h**2 - 19*h + 8. Let x be o(6). What are the prime factors of (-10)/(-85) + x/(-34)?
7, 23
Let d = 344 + -257. What are the prime factors of d?
3, 29
Let g be ((-8)/(-14))/(8/28). Suppose -g*h - 6 = -a, -3*h - 16 = -2*a + 2*h. List the prime factors of 5 + a - 1*-56.
59
Suppose -408 = 10*k - 13*k. What are the prime factors of k?
2, 17
Let s = -16 - -8. Let p(b) = b**3 + 8*b**2 - 2*b - 6. List the prime factors of p(s).
2, 5
Suppose 10*l - 8 = 8*l. Suppose -14 = l*o - 42. What are the prime factors of o?
7
List the prime factors of (5/(-15))/((-4)/(-30))*-446.
5, 223
Let w be (9/2)/(-2 - 84/(-40)). What are the prime factors of 5755/w + (-1)/(-9)?
2
Suppose -5*k + 0 = -c - 9, 0 = 5*k - 10. Suppose 0 = 3*m - c - 47. What are the prime factors of m?
2
Let n(f) = f**3 + 22*f**2 - 29*f + 7. Let m be n(-23). Suppose 5*w + 0*w - m = 0. List the prime factors of w.
29
Let o = -182 - -88. Suppose -1613 - 319 = -14*y. Let j = y + o. List the prime factors of j.
2, 11
Suppose 6*x - 12 - 18 = 0. Suppose 5*p - p - 308 = -4*f, 0 = x*f + 15. What are the prime factors of p?
2, 5
Let r(d) be the third derivative of 0 + 0*d + 2/3*d**4 - 1/4*d**5 + 1/120*d**6 - 11/6*d**3 + 5*d**2. What are the prime factors of r(14)?
17
Let r(k) be the first derivative of k**4/4 - 5*k**3/3 - 7*k**2/2 - 8*k + 11. List the prime factors of r(7).
41
Let s(m) = 208*m - 2. Suppose -5 = -7*l + 2*l. List the prime factors of s(l).
2, 103
Let n(h) = 7*h**3 + 3*h. Let q be n(3). Let c be 5*(q/10)/(-3). Let m = 11 - c. What are the prime factors of m?
2, 11
Let r(g) = 2*g**3 + 16*g**2 - 2*g - 2. Let y be r(-8). Let l = -7 - -12. Suppose -7*u = -l*u - y. List the prime factors of u.
7
What are the prime factors of 502 - ((-324)/144)/((-3)/8)?
2, 31
Let y(x) = 7*x**3 + x**2 + 5*x + 9. Let q be y(-3). Let w = 293 + q. List the prime f